{"id":70,"date":"2014-02-13T17:13:03","date_gmt":"2014-02-13T17:13:03","guid":{"rendered":"https:\/\/forumverdade.ufpr.br\/caminhosdaresistencia\/?page_id=70"},"modified":"2016-03-08T13:33:50","modified_gmt":"2016-03-08T13:33:50","slug":"regimento-da-policia-militar-coronel-dulcidio-e-quartel-da-policia-militar","status":"publish","type":"page","link":"https:\/\/forumverdade.ufpr.br\/caminhosdaresistencia\/a-repressao\/regimento-da-policia-militar-coronel-dulcidio-e-quartel-da-policia-militar\/","title":{"rendered":"Regimento da Pol\u00edcia Militar Coronel Dulc\u00eddio e Quartel da Pol\u00edcia Militar"},"content":{"rendered":"<p>Locais de pris\u00e3o de militantes pol\u00edticos em Curitiba. Integrados ao esquema geral de repress\u00e3o.<\/p>\n<p><strong><em>Tarum\u00e3 e Avenida Marechal Floriano com Avenida Get\u00falio Vargas.<\/em><\/strong><\/p>\n<p>&nbsp;<\/p>\n\n<p>&nbsp;<\/p>\n","protected":false},"excerpt":{"rendered":"<p>Locais de pris\u00e3o de militantes pol\u00edticos em Curitiba. Integrados ao esquema geral de repress\u00e3o. Tarum\u00e3 e Avenida Marechal Floriano com Avenida Get\u00falio Vargas. &nbsp; &nbsp;<\/p>\n","protected":false},"author":1,"featured_media":0,"parent":48,"menu_order":0,"comment_status":"open","ping_status":"closed","template":"","meta":{"_acf_changed":false,"footnotes":""},"class_list":["post-70","page","type-page","status-publish","hentry","nodate","item-wrap"],"acf":[],"_links":{"self":[{"href":"https:\/\/forumverdade.ufpr.br\/caminhosdaresistencia\/wp-json\/wp\/v2\/pages\/70","targetHints":{"allow":["GET"]}}],"collection":[{"href":"https:\/\/forumverdade.ufpr.br\/caminhosdaresistencia\/wp-json\/wp\/v2\/pages"}],"about":[{"href":"https:\/\/forumverdade.ufpr.br\/caminhosdaresistencia\/wp-json\/wp\/v2\/types\/page"}],"author":[{"embeddable":true,"href":"https:\/\/forumverdade.ufpr.br\/caminhosdaresistencia\/wp-json\/wp\/v2\/users\/1"}],"replies":[{"embeddable":true,"href":"https:\/\/forumverdade.ufpr.br\/caminhosdaresistencia\/wp-json\/wp\/v2\/comments?post=70"}],"version-history":[{"count":9,"href":"https:\/\/forumverdade.ufpr.br\/caminhosdaresistencia\/wp-json\/wp\/v2\/pages\/70\/revisions"}],"predecessor-version":[{"id":552,"href":"https:\/\/forumverdade.ufpr.br\/caminhosdaresistencia\/wp-json\/wp\/v2\/pages\/70\/revisions\/552"}],"up":[{"embeddable":true,"href":"https:\/\/forumverdade.ufpr.br\/caminhosdaresistencia\/wp-json\/wp\/v2\/pages\/48"}],"wp:attachment":[{"href":"https:\/\/forumverdade.ufpr.br\/caminhosdaresistencia\/wp-json\/wp\/v2\/media?parent=70"}],"curies":[{"name":"wp","href":"https:\/\/api.w.org\/{rel}","templated":true}]}}

Regimento da Polícia Militar Coronel Dulcídio e Quartel da Polícia Militar

<p>Locais de prisão de militantes políticos em Curitiba. Integrados ao esquema geral de repressão.</p>
<p><strong><em>Tarumã e Avenida Marechal Floriano com Avenida Getúlio Vargas.</em></strong></p>
<p>&nbsp;</p>

<p>&nbsp;</p>

<p>Locais de prisão de militantes políticos em Curitiba. Integrados ao esquema geral de repressão. Tarumã e Avenida Marechal Floriano com Avenida Getúlio Vargas. &nbsp; &nbsp;</p>
