{"id":68,"date":"2014-02-13T17:12:32","date_gmt":"2014-02-13T17:12:32","guid":{"rendered":"https:\/\/forumverdade.ufpr.br\/caminhosdaresistencia\/?page_id=68"},"modified":"2016-03-08T19:28:09","modified_gmt":"2016-03-08T19:28:09","slug":"quartel-da-policia-do-exercito","status":"publish","type":"page","link":"https:\/\/forumverdade.ufpr.br\/caminhosdaresistencia\/a-repressao\/quartel-da-policia-do-exercito\/","title":{"rendered":"Quartel da Pol\u00edcia do Ex\u00e9rcito"},"content":{"rendered":"<div id=\"attachment_470\" style=\"width: 567px\" class=\"wp-caption aligncenter\"><img fetchpriority=\"high\" decoding=\"async\" aria-describedby=\"caption-attachment-470\" class=\" wp-image-470 \" style=\"border: 0px;\" src=\"https:\/\/forumverdade.ufpr.br\/caminhosdaresistencia\/wp-content\/uploads\/sites\/5\/2014\/02\/Pra\u00e7a-Rui-Barbosa-1.jpg\" alt=\"A atual Rua da Cidadania da Regional Matriz, na Pra\u00e7a Rui Barbosa, ocupa o lugar do antigo Quartel da Pol\u00edcia do Ex\u00e9rcito. Foto: Rodrigo Juste Duarte\" width=\"567\" height=\"377\" srcset=\"https:\/\/forumverdade.ufpr.br\/caminhosdaresistencia\/wp-content\/uploads\/sites\/5\/2014\/02\/Pra\u00e7a-Rui-Barbosa-1.jpg 709w, https:\/\/forumverdade.ufpr.br\/caminhosdaresistencia\/wp-content\/uploads\/sites\/5\/2014\/02\/Pra\u00e7a-Rui-Barbosa-1-300x199.jpg 300w\" sizes=\"(max-width: 567px) 100vw, 567px\" \/><p id=\"caption-attachment-470\" class=\"wp-caption-text\">A atual Rua da Cidadania da Regional Matriz, na Pra\u00e7a Rui Barbosa, ocupa o lugar do antigo Quartel da Pol\u00edcia do Ex\u00e9rcito. Foto: Rodrigo Juste Duarte<\/p><\/div>\n<p>Localiza\u00e7\u00e3o:\u00a0<em><strong>Pra\u00e7a Rui Barbosa, onde hoje \u00e9 a Rua da Cidadana<\/strong><\/em><\/p>\n<p>&nbsp;<\/p>\n<p>Foi um centro de pris\u00e3o e tortura a\u00a0 partir de 1970. Durante a Opera\u00e7\u00e3o Marumbi, o Quartel foi, junto com a Cl\u00ednica Marumbi, o\u00a0 principal local de tortura dos presos pol\u00edticos.<\/p>\n<p>&nbsp;<\/p>\n<p style=\"text-align: center;\"><img decoding=\"async\" class=\"aligncenter wp-image-469\" style=\"border: 0px;\" src=\"https:\/\/forumverdade.ufpr.br\/caminhosdaresistencia\/wp-content\/uploads\/sites\/5\/2014\/02\/Quartel-da-Policia-do-Exercito.jpg\" alt=\"Quartel da Policia do Exercito\" width=\"600\" height=\"530\" srcset=\"https:\/\/forumverdade.ufpr.br\/caminhosdaresistencia\/wp-content\/uploads\/sites\/5\/2014\/02\/Quartel-da-Policia-do-Exercito.jpg 750w, https:\/\/forumverdade.ufpr.br\/caminhosdaresistencia\/wp-content\/uploads\/sites\/5\/2014\/02\/Quartel-da-Policia-do-Exercito-300x265.jpg 300w\" sizes=\"(max-width: 600px) 100vw, 600px\" \/><\/p>\n<p style=\"text-align: center;\">\n<hr \/>\n<p style=\"text-align: left;\">\n<p style=\"text-align: left;\"><strong>Saiba mais:<\/strong><\/p>\n<ol>\n<li style=\"text-align: left;\"><span style=\"font-size: 8pt;\"><a href=\"https:\/\/forumverdade.ufpr.br\/blog\/2012\/10\/31\/caminhos-da-resistencia-locais-que-foram-palco-da-repressao-e-da-resistencia-na-ditadura-militar\/\" target=\"_blank\">\u201cCaminhos da Resist\u00eancia\u201d, locais que foram palco da repress\u00e3o e da resist\u00eancia na ditadura militar<\/a><\/span><\/li>\n<li style=\"text-align: left;\"><span style=\"font-size: 8pt;\"><a href=\"https:\/\/forumverdade.ufpr.br\/blog\/2012\/11\/13\/comisao-nacional-da-verdade-investiga-a-repressao-no-parana\/\" target=\"_blank\">Comiss\u00e3o Nacional da Verdade investiga a repress\u00e3o no Paran\u00e1<\/a><\/span><\/li>\n<li style=\"text-align: left;\"><span style=\"font-size: 8pt;\"><a href=\"https:\/\/forumverdade.ufpr.br\/blog\/2013\/01\/23\/forum-quer-trocar-nomes-de-ruas-e-espacos-que-homenageiem-pessoas-ligadas-a-ditadura\/\" target=\"_blank\">F\u00f3rum quer trocar nomes de ruas e espa\u00e7os que homenageiem pessoas ligadas \u00e0 ditadura<\/a><\/span><\/li>\n<li style=\"text-align: left;\"><span style=\"font-size: 8pt;\"><a href=\"https:\/\/forumverdade.ufpr.br\/blog\/2013\/06\/28\/ativista-teresa-urban-soube-dar-sentido-a-vida\/\" target=\"_blank\">Ativista, Teresa Urban soube dar sentido \u00e0 vida<\/a><\/span><\/li>\n<li style=\"text-align: left;\"><span style=\"font-size: 8pt;\"><a href=\"https:\/\/forumverdade.ufpr.br\/blog\/2013\/08\/13\/curitiba-tera-monumento-para-lembrar-resistencia-democratica\/\" target=\"_blank\">Curitiba ter\u00e1 monumento para lembrar resist\u00eancia democr\u00e1tica<\/a><\/span><\/li>\n<li style=\"text-align: left;\"><span style=\"font-size: 8pt;\"><a href=\"https:\/\/forumverdade.ufpr.br\/blog\/2013\/08\/13\/caravana-da-anistia-homenagens-a-ex-presos-politicos\/\" target=\"_blank\">Caravana da Anistia: homenagens a ex-presos pol\u00edticos<\/a><\/span><\/li>\n<li style=\"text-align: left;\"><span style=\"font-size: 8pt;\"><a href=\"https:\/\/forumverdade.ufpr.br\/blog\/2013\/08\/15\/monumento-lembra-resistencia-democratica\/\" target=\"_blank\">Monumento lembra resist\u00eancia democr\u00e1tica<\/a><\/span><\/li>\n<li style=\"text-align: left;\"><span style=\"font-size: 8pt;\"><a href=\"https:\/\/forumverdade.ufpr.br\/blog\/2013\/08\/16\/comissoes-da-verdade-definem-estrategias-de-trabalho-no-parana\/\" target=\"_blank\">Comiss\u00f5es da Verdade definem estrat\u00e9gias de trabalho no Paran\u00e1<\/a><\/span><\/li>\n<li style=\"text-align: left;\"><span style=\"font-size: 8pt;\"><a href=\"https:\/\/forumverdade.ufpr.br\/blog\/2013\/08\/16\/curitiba-instala-monumento-pelas-liberdades-democraticas\/\" target=\"_blank\">Curitiba instala monumento pelas liberdades democr\u00e1ticas<\/a><\/span><\/li>\n<li style=\"text-align: left;\"><span style=\"font-size: 8pt;\"><a href=\"https:\/\/forumverdade.ufpr.br\/blog\/2013\/10\/10\/comissao-estadual-da-verdade-colhe-novos-depoimentos-de-ex-presos-politicos\/\" target=\"_blank\">Comiss\u00e3o Estadual da Verdade colhe novos depoimentos de ex-presos pol\u00edticos<\/a><\/span><\/li>\n<li style=\"text-align: left;\"><span style=\"font-size: 8pt;\"><a href=\"https:\/\/forumverdade.ufpr.br\/blog\/2014\/06\/18\/memoria-e-uma-disputa-ideologica-dizem-autores-de-livro-sobre-a-ditadura\/\" target=\"_blank\">Mem\u00f3ria \u00e9 uma disputa ideol\u00f3gica\u201d, dizem autores de livro sobre a ditadura<\/a><\/span><\/li>\n<\/ol>\n","protected":false},"excerpt":{"rendered":"<p>Localiza\u00e7\u00e3o:\u00a0Pra\u00e7a Rui Barbosa, onde hoje \u00e9 a Rua da Cidadana &nbsp; Foi um centro de pris\u00e3o e tortura a\u00a0 partir de 1970. Durante a Opera\u00e7\u00e3o Marumbi, o Quartel foi, junto com a Cl\u00ednica Marumbi, o\u00a0 principal local de tortura dos presos pol\u00edticos. &nbsp; Saiba mais: \u201cCaminhos da Resist\u00eancia\u201d, locais que foram palco da repress\u00e3o e &hellip; <\/p>\n<p><a class=\"more-link btn\" href=\"https:\/\/forumverdade.ufpr.br\/caminhosdaresistencia\/a-repressao\/quartel-da-policia-do-exercito\/\">Continue lendo<\/a><\/p>\n","protected":false},"author":1,"featured_media":0,"parent":48,"menu_order":0,"comment_status":"open","ping_status":"closed","template":"","meta":{"_acf_changed":false,"footnotes":""},"class_list":["post-68","page","type-page","status-publish","hentry","nodate","item-wrap"],"acf":[],"_links":{"self":[{"href":"https:\/\/forumverdade.ufpr.br\/caminhosdaresistencia\/wp-json\/wp\/v2\/pages\/68","targetHints":{"allow":["GET"]}}],"collection":[{"href":"https:\/\/forumverdade.ufpr.br\/caminhosdaresistencia\/wp-json\/wp\/v2\/pages"}],"about":[{"href":"https:\/\/forumverdade.ufpr.br\/caminhosdaresistencia\/wp-json\/wp\/v2\/types\/page"}],"author":[{"embeddable":true,"href":"https:\/\/forumverdade.ufpr.br\/caminhosdaresistencia\/wp-json\/wp\/v2\/users\/1"}],"replies":[{"embeddable":true,"href":"https:\/\/forumverdade.ufpr.br\/caminhosdaresistencia\/wp-json\/wp\/v2\/comments?post=68"}],"version-history":[{"count":10,"href":"https:\/\/forumverdade.ufpr.br\/caminhosdaresistencia\/wp-json\/wp\/v2\/pages\/68\/revisions"}],"predecessor-version":[{"id":720,"href":"https:\/\/forumverdade.ufpr.br\/caminhosdaresistencia\/wp-json\/wp\/v2\/pages\/68\/revisions\/720"}],"up":[{"embeddable":true,"href":"https:\/\/forumverdade.ufpr.br\/caminhosdaresistencia\/wp-json\/wp\/v2\/pages\/48"}],"wp:attachment":[{"href":"https:\/\/forumverdade.ufpr.br\/caminhosdaresistencia\/wp-json\/wp\/v2\/media?parent=68"}],"curies":[{"name":"wp","href":"https:\/\/api.w.org\/{rel}","templated":true}]}}