{"id":34,"date":"2014-02-13T17:00:07","date_gmt":"2014-02-13T17:00:07","guid":{"rendered":"https:\/\/forumverdade.ufpr.br\/caminhosdaresistencia\/?page_id=34"},"modified":"2016-03-08T13:26:43","modified_gmt":"2016-03-08T13:26:43","slug":"casa-do-estudante-universitario-ceu","status":"publish","type":"page","link":"https:\/\/forumverdade.ufpr.br\/caminhosdaresistencia\/a-resistencia\/casa-do-estudante-universitario-ceu\/","title":{"rendered":"Casa do Estudante Universit\u00e1rio &#8211; CEU"},"content":{"rendered":"<div id=\"attachment_326\" style=\"width: 609px\" class=\"wp-caption aligncenter\"><img fetchpriority=\"high\" decoding=\"async\" aria-describedby=\"caption-attachment-326\" class=\" wp-image-326  \" style=\"border: 0px;\" src=\"https:\/\/forumverdade.ufpr.br\/caminhosdaresistencia\/wp-content\/uploads\/sites\/5\/2014\/02\/CEU.jpg\" alt=\"Casa do Estudante Universit\u00e1rio\" width=\"609\" height=\"404\" srcset=\"https:\/\/forumverdade.ufpr.br\/caminhosdaresistencia\/wp-content\/uploads\/sites\/5\/2014\/02\/CEU.jpg 1015w, https:\/\/forumverdade.ufpr.br\/caminhosdaresistencia\/wp-content\/uploads\/sites\/5\/2014\/02\/CEU-300x199.jpg 300w\" sizes=\"(max-width: 609px) 100vw, 609px\" \/><p id=\"caption-attachment-326\" class=\"wp-caption-text\">Casa do Estudante Universit\u00e1rio<\/p><\/div>\n<p>Localiza\u00e7\u00e3o:\u00a0<em><strong>Rua Luiz Le\u00e3o, 01 &#8211; Centro<\/strong><\/em><\/p>\n<p>&nbsp;<\/p>\n<p style=\"text-align: left;\">Principal moradia estudantil de Curitiba, contando com um restaurante a pre\u00e7os m\u00f3dicos, a <a href=\"http:\/\/www.ceupr.com.br\/\" target=\"_blank\">Casa do Estudante Universit\u00e1rio &#8211; CEU<\/a> foi um espa\u00e7o importante de organiza\u00e7\u00e3o da luta dos estudantes contra a ditadura.<\/p>\n<div id=\"attachment_329\" style=\"width: 289px\" class=\"wp-caption aligncenter\"><img decoding=\"async\" aria-describedby=\"caption-attachment-329\" class=\"size-full wp-image-329   \" style=\"border: 0px;\" src=\"https:\/\/forumverdade.ufpr.br\/caminhosdaresistencia\/wp-content\/uploads\/sites\/5\/2014\/02\/ceu_rep_290vu.jpg\" alt=\"Cerco - Arquivo \/ CEU\" width=\"289\" height=\"192\" \/><p id=\"caption-attachment-329\" class=\"wp-caption-text\">Cerco &#8211; Arquivo \/ CEU<\/p><\/div>\n<p>&nbsp;<\/p>\n\n","protected":false},"excerpt":{"rendered":"<p>Localiza\u00e7\u00e3o:\u00a0Rua Luiz Le\u00e3o, 01 &#8211; Centro &nbsp; Principal moradia estudantil de Curitiba, contando com um restaurante a pre\u00e7os m\u00f3dicos, a Casa do Estudante Universit\u00e1rio &#8211; CEU foi um espa\u00e7o importante de organiza\u00e7\u00e3o da luta dos estudantes contra a ditadura. &nbsp;<\/p>\n","protected":false},"author":1,"featured_media":0,"parent":13,"menu_order":0,"comment_status":"open","ping_status":"closed","template":"","meta":{"_acf_changed":false,"footnotes":""},"class_list":["post-34","page","type-page","status-publish","hentry","nodate","item-wrap"],"acf":[],"_links":{"self":[{"href":"https:\/\/forumverdade.ufpr.br\/caminhosdaresistencia\/wp-json\/wp\/v2\/pages\/34","targetHints":{"allow":["GET"]}}],"collection":[{"href":"https:\/\/forumverdade.ufpr.br\/caminhosdaresistencia\/wp-json\/wp\/v2\/pages"}],"about":[{"href":"https:\/\/forumverdade.ufpr.br\/caminhosdaresistencia\/wp-json\/wp\/v2\/types\/page"}],"author":[{"embeddable":true,"href":"https:\/\/forumverdade.ufpr.br\/caminhosdaresistencia\/wp-json\/wp\/v2\/users\/1"}],"replies":[{"embeddable":true,"href":"https:\/\/forumverdade.ufpr.br\/caminhosdaresistencia\/wp-json\/wp\/v2\/comments?post=34"}],"version-history":[{"count":13,"href":"https:\/\/forumverdade.ufpr.br\/caminhosdaresistencia\/wp-json\/wp\/v2\/pages\/34\/revisions"}],"predecessor-version":[{"id":525,"href":"https:\/\/forumverdade.ufpr.br\/caminhosdaresistencia\/wp-json\/wp\/v2\/pages\/34\/revisions\/525"}],"up":[{"embeddable":true,"href":"https:\/\/forumverdade.ufpr.br\/caminhosdaresistencia\/wp-json\/wp\/v2\/pages\/13"}],"wp:attachment":[{"href":"https:\/\/forumverdade.ufpr.br\/caminhosdaresistencia\/wp-json\/wp\/v2\/media?parent=34"}],"curies":[{"name":"wp","href":"https:\/\/api.w.org\/{rel}","templated":true}]}}